s digit of d?
4
What is the tens digit of 252/147*(413/2 - 0)?
5
Suppose 65*b - 832 = 57*b. Let k(r) = -r + 5. Let p be k(-7). Suppose -3*o - 4*u + p + 137 = 0, -b = -3*o + 5*u. What is the units digit of o?
3
Suppose -5*h = -5*b - 10390 - 4570, 11976 = 4*h + 4*b. What is the tens digit of h?
9
Let w(l) = 263*l + 60. What is the units digit of w(3)?
9
Let y(z) = z**3 - 14*z**2 + 17*z - 15. Suppose -o + 48 = 5*c - 14, -5*c = 4*o - 53. What is the tens digit of y(c)?
3
Suppose 15*r = 18368 + 11782. What is the hundreds digit of r?
0
Let y(c) = c - 10. Let x be y(10). Suppose x = -82*i + 77*i + 545. What is the hundreds digit of i?
1
Let g = -15 + -1. Let v be (g/6)/((-4)/6). Suppose -13 + 49 = v*l. What is the units digit of l?
9
Let i(u) = 0*u**2 - 2 + 4 + 0 + 2*u**2 + 5*u. Let z be i(-3). Suppose -k + 6*k - z*b - 110 = 0, -44 = -2*k - 2*b. What is the tens digit of k?
2
Let a(z) = -19*z - 31. What is the units digit of a(-11)?
8
Let f(r) = 95*r - 1. Let j = 72 + -71. What is the tens digit of f(j)?
9
What is the thousands digit of (0 + -3)*(-8)/(88/5357)?
1
Let y(t) = -t**2 + t - 1. Let z(x) = 15*x**2 - 4*x + 7. Let k(w) = 6*y(w) + z(w). What is the tens digit of k(-2)?
3
Suppose -m + 617 = 4*p + 1563, -2*m - 4 = 0. Let b = 364 + p. What is the hundreds digit of b?
1
Suppose 49*n - 6842 = 38*n. What is the tens digit of n?
2
Let d(x) = 17*x**3 + 4*x**2 - 3*x + 10. What is the hundreds digit of d(3)?
4
Let w(b) = 4*b + 0*b + 3 - 2 - b. Let x be w(2). Suppose 0 = -0*y - y + 4*k - x, -5*k = -25. What is the tens digit of y?
1
Suppose a + 13 = 42. What is the units digit of a?
9
Suppose 0*j - 195 = -5*v - 5*j, -2*v - 3*j = -79. Let l be v/(-95) - (-14)/10. What is the tens digit of (-6 + 124)*l/2?
5
Let r(j) = 5*j**2 + 4*j + 16. Let y be r(7). What is the tens digit of 10/(-35) + (y/7 - 3)?
3
Let r be 2 - 39/(-33) - (-8)/(-44). What is the units digit of (-2922)/(-42) - r/(-7)?
0
Suppose -4 = 4*y - 5*y. Suppose -3*r + 5*p = -52 + 12, 0 = -y*r - 5*p - 5. Suppose 0 = -4*c + 9*c - r. What is the units digit of c?
1
Let g be (4 + -7)*3/9. Let b = 17 - g. What is the units digit of b?
8
Let n(o) = -o**2 - 11*o - 8. Suppose r + 3 = -7. Let b be n(r). Suppose 4*q - 4 = b*q. What is the units digit of q?
2
Suppose 4924 = 3*o + 1351. What is the tens digit of o?
9
Let u be (-2)/5 - (-74)/10. Suppose 353*i + 40 = 361*i. Suppose -i*l + u = -3. What is the units digit of l?
2
Let d be ((-1)/3)/((-5)/(-135)). What is the tens digit of (-466)/d + (-8)/(-36) - -3?
5
Suppose 2*x - 847 = -r, -4*r + 3403 = x + 4*x. What is the tens digit of r?
5
Suppose -4*t + 557 - 11 = -2*a, -3*t + 4*a + 407 = 0. Let b = -26 + t. What is the tens digit of b?
1
Let c(t) = -39*t + 877. What is the thousands digit of c(-28)?
1
Let r be (2/(-4))/((-1)/90). Suppose g - 6*g = 2*n + 13, 5*n - r = 3*g. What is the units digit of n?
6
Let y = 51 + -49. Suppose 0 = -y*p + p + 102. What is the tens digit of p?
0
Let k = -366 - -769. What is the units digit of k?
3
Suppose -2*z - 3*z - 589 = -2*j, 2*j + z - 607 = 0. Suppose 8*d + j = 10*d. What is the units digit of d?
1
Let p(l) = 142*l**3 + 12*l**2 - 24*l + 4. What is the tens digit of p(3)?
7
Let z be 1/2*(7 + 3). Suppose -5*x + 4*p + 147 = 0, z*x + 4*p - 180 + 57 = 0. What is the units digit of x?
7
Let s(g) = -3*g**3 - 9*g**2 - 4*g + 15. Let f(k) = 4*k**3 + 9*k**2 + 5*k - 15. Let h = -9 + 13. Let p(v) = h*f(v) + 5*s(v). What is the tens digit of p(9)?
1
Let c = -63 + 68. What is the units digit of ((-2)/(-2) + 157)/(6 - c)?
8
Let n = -3 - -7. What is the units digit of ((-5)/(-2) + n)*10?
5
Suppose 19339 = 27*u - 22*u - q, -2*u = 5*q - 7741. What is the tens digit of u?
6
Let u(y) = 15 - 2*y + 12 - 33. Let r be u(-4). Suppose 5*l + 68 = 3*w, 24 = w - r*l + l. What is the tens digit of w?
2
Suppose -3*j = -5*m - 1039, 0 = -8*j + 4*j + m + 1408. What is the units digit of j?
3
Suppose 11*s = -2*s + 6656. Let g = s - 277. What is the units digit of g?
5
Suppose -2*n + 705 = n. Let m = n + -80. What is the hundreds digit of m?
1
Suppose 0 = 4*s + 5*x - 3150, -539 = -s + 2*x + 255. What is the hundreds digit of s?
7
Let g be (2 - 0)/((-8)/(-12)). Let p(n) = 12*n + 10. What is the units digit of p(g)?
6
Let n = -54 - -75. What is the units digit of n?
1
Suppose 2*x - 2*y = 978, -3*x - 4*y + 1980 = x. Suppose 5*j + 6*d = 9*d + 608, 0 = 4*j - d - x. What is the hundreds digit of j?
1
What is the tens digit of ((-234)/91 - -3) + 19020/14?
5
Let i = -673 - -673. Let k be (11 + 0)*(1 - -2). Suppose i*w = w - k. What is the tens digit of w?
3
Let c = 1355 - -717. What is the tens digit of c?
7
Suppose 3*f - 236 + 50 = 0. What is the tens digit of (6 + f)*(1 - 9/(-12))?
1
Suppose -4*a - 104*y + 106*y = -4796, -a = 5*y - 1221. What is the units digit of a?
1
Let o = 6 - 4. Let r be o + -3 + (0 - -2). What is the units digit of (-2 - -4) + 1 + r?
4
Let t(l) = 119*l**3 - l + 1. What is the tens digit of t(1)?
1
Suppose -4*a = 2*g + 12, -g = -4*g + 2*a + 14. Suppose 3*r - 80 = -g*r. What is the tens digit of r?
1
Let j be 10/4 + 5/(-10). Let i be j + -3 - -2 - -10. Suppose 5*f + i = 81. What is the units digit of f?
4
Let a(k) = -6*k**2 + 9*k - 11. Let l be a(3). Let m = 44 + l. What is the units digit of m?
6
Let x be -4*(3 + -1 + -5). Let r = x - 13. What is the tens digit of (2*(-3 + -3))/r?
1
What is the units digit of 829 + 0 - 3*(-4 - -5)?
6
Suppose -k + 4*v = -1694, -20*k = -19*k + v - 1714. What is the thousands digit of k?
1
Let x(s) = -4*s**2 - 162*s + 85*s + 2 + 36*s**3 + 86*s. What is the tens digit of x(2)?
9
Let r = 490 - 109. Suppose 4*h - 7*h = -r. What is the hundreds digit of h?
1
Let w(z) = 4*z**2 - 8*z**2 + 8*z + 5*z**2 + z - 8. Let l be w(-10). Suppose -a = -2*v - 31, -l*v - 69 = -3*a + 32. What is the units digit of a?
5
What is the hundreds digit of (-31 - 35)*(-147)/9?
0
Let o = 1886 + -990. What is the units digit of o?
6
Let p(v) = -16*v**3 + 2*v**2 - v - 2. Suppose 16 = -4*l, -3*g - l - l - 14 = 0. What is the hundreds digit of p(g)?
1
Let m = -868 - -2247. What is the tens digit of m?
7
Let p = -275 + 731. What is the units digit of p?
6
Let x(r) = 84*r**2 + 29*r + 118. What is the units digit of x(-4)?
6
Suppose 20*y + 2038 - 7598 = 0. What is the units digit of y?
8
Suppose 2*a = -3*g + 5*g - 1410, -4 = -2*a. What is the tens digit of g?
0
Let b(a) = -a**2 + 11*a + 3. Let z be b(10). Let l = -21 + z. What is the units digit of (7/4)/(l/(-32))?
7
What is the tens digit of (-1414)/(-4)*(-8 + 60/6)?
0
Let v(c) = -52*c - 7. Let x be v(-5). Let r = -120 + x. Suppose -3*u = -3*t + 129, 0*t - 4*u = -3*t + r. What is the tens digit of t?
3
Let j(r) = -r**3 - 7*r**2 + 7*r - 2. Let o be j(-8). Let v = -492 - -260. What is the units digit of (-4)/o + v/(-6)?
8
What is the tens digit of (3/5)/(-2 - 139893/(-69940))?
2
Suppose -5*j + 7387 - 1057 = -4*b, -3*j = -5*b - 3785. What is the thousands digit of j?
1
Suppose -21 = -5*c + 3*m, -m = 4*c + c - 13. Suppose c*v + 100 = 4*v. What is the units digit of v?
0
Let p(v) = v**3 - 87*v + 90*v + 1 - 6*v**2 - 15. Let y be p(6). Suppose u - 13 = r, u + y*r = -2*u + 11. What is the units digit of u?
9
Suppose 266 - 22 = g + d, -3*g + d = -720. What is the units digit of g?
1
Suppose 3 + 31 = 2*y. Let t = y + -15. Suppose -34 = -t*q + 68. What is the tens digit of q?
5
Let l(g) = 15*g + 9. Let s be l(25). Let c = -158 + s. What is the tens digit of c?
2
What is the tens digit of (-298700)/(-125) - 2/(-5)?
9
Let a(x) = 2*x - 32. Let q(j) = j - 11. Let u(n) = -6*a(n) + 20*q(n). What is the units digit of u(5)?
2
Let u(a) = -a**2 - 4*a - 13. Let f(c) = c**2 + 5*c + 13. Let d(x) = 3*f(x) + 2*u(x). Let s be d(-5). Suppose -11*h + 448 = -s*h. What is the tens digit of h?
5
Let h(y) = -4*y + 8. Let p = -32 + 26. What is the tens digit of h(p)?
3
Let n(x) = 7*x + 5*x - x - 6. Let v be n(-3). Let l = v + 62. What is the units digit of l?
3
Suppose 5*q + 11 - 151 = -2*z, 55 = 2*q + z. Let u = q + -25. Suppose 6*w = 3*w + 2*b + 30, -3*b - 49 = -u*w. What is the units digit of w?
8
Suppose 2*l + 0*l - 6 = 0. Suppose -l*d + 5*d = 36. What is the units digit of d?
8
Let s(k) = k**3 - 11*k**2 + 4*k + 19. Let h be s(6). Let z = 365 + h. What is the tens digit of z?
2
Let s(v) = 2*v**2 + 3*v + 26. Let o(h) =